 of 1091.
1091
What are the prime factors of 1615?
5, 17, 19
What are the prime factors of 498?
2, 3, 83
List the prime factors of 3755.
5, 751
List the prime factors of 8.
2
List the prime factors of 147.
3, 7
List the prime factors of 505.
5, 101
What are the prime factors of 22428?
2, 3, 7, 89
What are the prime factors of 11172?
2, 3, 7, 19
What are the prime factors of 48061?
13, 3697
What are the prime factors of 424?
2, 53
What are the prime factors of 1578?
2, 3, 263
What are the prime factors of 2549?
2549
What are the prime factors of 1332?
2, 3, 37
List the prime factors of 2137.
2137
What are the prime factors of 3464?
2, 433
List the prime factors of 45754.
2, 22877
What are the prime factors of 770?
2, 5, 7, 11
List the prime factors of 96085.
5, 11, 1747
List the prime factors of 7362.
2, 3, 409
List the prime factors of 28415.
5, 5683
List the prime factors of 12812.
2, 3203
List the prime factors of 736.
2, 23
What are the prime factors of 85?
5, 17
What are the prime factors of 851?
23, 37
List the prime factors of 8082.
2, 3, 449
What are the prime factors of 24340?
2, 5, 1217
What are the prime factors of 1141?
7, 163
List the prime factors of 201537.
3, 7, 457
What are the prime factors of 748?
2, 11, 17
List the prime factors of 874.
2, 19, 23
List the prime factors of 1310.
2, 5, 131
What are the prime factors of 61520?
2, 5, 769
What are the prime factors of 6153?
3, 7, 293
List the prime factors of 6632.
2, 829
List the prime factors of 15141.
3, 7, 103
What are the prime factors of 1142?
2, 571
What are the prime factors of 3771?
3, 419
List the prime factors of 3342.
2, 3, 557
What are the prime factors of 176646?
2, 3, 59, 499
List the prime factors of 890.
2, 5, 89
What are the prime factors of 2269?
2269
List the prime factors of 31826.
2, 15913
List the prime factors of 5991.
3, 1997
What are the prime factors of 1317?
3, 439
What are the prime factors of 14554?
2, 19, 383
List the prime factors of 13718.
2, 19
List the prime factors of 35652.
2, 3, 2971
What are the prime factors of 52016?
2, 3251
List the prime factors of 3516.
2, 3, 293
List the prime factors of 66577.
7, 9511
What are the prime factors of 888?
2, 3, 37
What are the prime factors of 1301?
1301
What are the prime factors of 16791?
3, 29, 193
What are the prime factors of 7032?
2, 3, 293
List the prime factors of 20064.
2, 3, 11, 19
What are the prime factors of 1019?
1019
List the prime factors of 1402.
2, 701
What are the prime factors of 7568?
2, 11, 43
List the prime factors of 16008.
2, 3, 23, 29
List the prime factors of 4878.
2, 3, 271
List the prime factors of 2207.
2207
List the prime factors of 2348.
2, 587
What are the prime factors of 816?
2, 3, 17
What are the prime factors of 3239?
41, 79
What are the prime factors of 168?
2, 3, 7
What are the prime factors of 11210?
2, 5, 19, 59
What are the prime factors of 6590?
2, 5, 659
List the prime factors of 488.
2, 61
List the prime factors of 20871.
3, 773
List the prime factors of 2599.
23, 113
What are the prime factors of 2024?
2, 11, 23
What are the prime factors of 587?
587
List the prime factors of 245.
5, 7
List the prime factors of 10683.
3, 1187
What are the prime factors of 6037?
6037
What are the prime factors of 25134?
2, 3, 59, 71
What are the prime factors of 6470?
2, 5, 647
What are the prime factors of 5664?
2, 3, 59
List the prime factors of 1559.
1559
List the prime factors of 104679.
3, 3877
What are the prime factors of 25012?
2, 13, 37
What are the prime factors of 43766?
2, 79, 277
What are the prime factors of 4230?
2, 3, 5, 47
What are the prime factors of 10424?
2, 1303
List the prime factors of 12756.
2, 3, 1063
List the prime factors of 26264.
2, 7, 67
What are the prime factors of 43725?
3, 5, 11, 53
What are the prime factors of 499?
499
What are the prime factors of 4053?
3, 7, 193
What are the prime factors of 15602?
2, 29, 269
List the prime factors of 46892.
2, 19, 617
List the prime factors of 173846.
2, 86923
What are the prime factors of 34685?
5, 7, 991
What are the prime factors of 53755?
5, 13, 827
List the prime factors of 6091.
6091
List the prime factors of 79600.
2, 5, 199
List the prime factors of 13572.
2, 3, 13, 29
What are the prime factors of 52488?
2, 3
What are the prime factors of 2935?
5, 587
List the prime factors of 48309.
3, 16103
List the prime factors of 2328.
2, 3, 97
List the prime factors of 13646.
2, 6823
What are the prime factors of 42211?
13, 17, 191
What are the prime factors of 45976?
2, 7, 821
List the prime factors of 5288.
2, 661
List the prime factors of 4757.
67, 71
What are the prime factors of 1543?
1543
List the prime factors of 3850.
2, 5, 7, 11
List the prime factors of 32573.
32573
What are the prime factors of 30139?
30139
List the prime factors of 2224.
2, 139
What are the prime factors of 45167?
31, 47
What are the prime factors of 1603?
7, 229
What are the prime factors of 14364?
2, 3, 7, 19
What are the prime factors of 4567?
4567
What are the prime factors of 26635?
5, 7, 761
List the prime factors of 2068.
2, 11, 47
What are the prime factors of 10413?
3, 13, 89
List the prime factors of 4871.
4871
What are the prime factors of 8390?
2, 5, 839
List the prime factors of 19812.
2, 3, 13, 127
List the prime factors of 1075.
5, 43
What are the prime factors of 1045?
5, 11, 19
What are the prime factors of 50259?
3, 11, 1523
What are the prime factors of 619?
619
What are the prime factors of 3637?
3637
List the prime factors of 9336.
2, 3, 389
List the prime factors of 1948.
2, 487
What are the prime factors of 2718?
2, 3, 151
What are the prime factors of 66361?
66361
List the prime factors of 641.
641
List the prime factors of 5243.
7, 107
What are the prime factors of 14205?
3, 5, 947
What are the prime factors of 1598?
2, 17, 47
List the prime factors of 1114.
2, 557
What are the prime factors of 686?
2, 7
What are the prime factors of 1674?
2, 3, 31
List the prime factors of 194.
2, 97
What are the prime factors of 13884?
2, 3, 13, 89
List the prime factors of 20661.
3, 71, 97
What are the prime factors of 3949?
11, 359
List the prime factors of 656.
2, 41
What are the prime factors of 785?
5, 157
List the prime factors of 493.
17, 29
What are the prime factors of 14222?
2, 13, 547
List the prime factors of 116795.
5, 7, 47, 71
List the prime factors of 37119.
3, 12373
What are the prime factors of 135387?
3, 7, 307
List the prime factors of 38214.
2, 3, 11, 193
What are the prime factors of 8454?
2, 3, 1409
What are the prime factors of 73?
73
List the prime factors of 1885.
5, 13, 29
List the prime factors of 124889.
71, 1759
What are the prime factors of 16573?
16573
What are the prime factors of 26997?
3, 8999
What are the prime factors of 748?
2, 11, 17
List the prime factors of 12426.
2, 3, 19, 109
What are the prime factors of 45245?
5, 9049
List the prime factors of 4671.
3, 173
What are the prime factors of 341?
11, 31
List the prime factors of 1720.
2, 5, 43
List the prime factors of 157799.
157799
List the prime factors of 23842.
2, 7, 13, 131
List the prime factors of 837.
3, 31
List the prime factors of 18436.
2, 11, 419
List the prime factors of 49649.
131, 379
What are the prime factors of 8917?
37, 241
List the prime factors of 15310.
2, 5, 1531
What are the prime factors of 8314?
2, 4157
What are the prime factors of 98438?
2, 83, 593
What are the prime factors of 5465?
5, 1093
List the prime factors of 6040.
2, 5, 151
List the prime factors of 5037.
3, 23, 73
What are the prime factors of 71338?
2, 53, 673
List the prime factors of 1843.
19, 97
What are the prime factors of 2548?
2, 7, 13
List the prime factors of 6041.
7, 863
What are the prime factors of 9706?
2, 23, 211
What are the prime factors of 994?
2, 7, 71
List the prime factors of 75764.
2, 13, 31, 47
What are the prime factors of 32181?
3, 17, 631
List the prime factors of 29979.
3, 3331
What are the prime factors of 986?
2, 17, 29
List the prime factors of 56135.
5, 103, 109
What are the prime factors of 1328?
2, 83
List the prime factors of 13981.
11, 31, 41
What are the prime factors of 500?
2, 5
List the prime factors of 300.
2, 3, 5
List the prime factors of 8797.
19, 463
What are the prime factors of 10362?
2, 3, 